Last updated on 2023-06-10 05:52:34 CEST.
Flavor | Version | Tinstall | Tcheck | Ttotal | Status | Flags |
---|---|---|---|---|---|---|
r-devel-linux-x86_64-debian-clang | 1.2.2 | 9.09 | 76.23 | 85.32 | NOTE | |
r-devel-linux-x86_64-debian-gcc | 1.2.2 | 7.16 | 59.03 | 66.19 | NOTE | |
r-devel-linux-x86_64-fedora-clang | 1.2.2 | 105.62 | NOTE | |||
r-devel-linux-x86_64-fedora-gcc | 1.2.2 | 101.33 | NOTE | |||
r-devel-windows-x86_64 | 1.2.2 | 9.00 | 71.00 | 80.00 | NOTE | |
r-patched-linux-x86_64 | 1.2.2 | 9.55 | 73.48 | 83.03 | NOTE | |
r-release-linux-x86_64 | 1.2.2 | 8.33 | 73.46 | 81.79 | NOTE | |
r-release-macos-arm64 | 1.2.2 | 36.00 | NOTE | |||
r-release-macos-x86_64 | 1.2.2 | 56.00 | NOTE | |||
r-release-windows-x86_64 | 1.2.2 | 11.00 | 83.00 | 94.00 | NOTE | |
r-oldrel-macos-arm64 | 1.2.2 | 31.00 | NOTE | |||
r-oldrel-macos-x86_64 | 1.2.2 | 44.00 | NOTE | |||
r-oldrel-windows-x86_64 | 1.2.2 | 11.00 | 86.00 | 97.00 | NOTE |
Version: 1.2.2
Check: LazyData
Result: NOTE
'LazyData' is specified without a 'data' directory
Flavors: r-devel-linux-x86_64-debian-clang, r-devel-linux-x86_64-debian-gcc, r-devel-linux-x86_64-fedora-clang, r-devel-linux-x86_64-fedora-gcc, r-devel-windows-x86_64, r-patched-linux-x86_64, r-release-linux-x86_64, r-release-macos-arm64, r-release-macos-x86_64, r-release-windows-x86_64, r-oldrel-macos-arm64, r-oldrel-macos-x86_64, r-oldrel-windows-x86_64
Version: 1.2.2
Check: dependencies in R code
Result: NOTE
Namespaces in Imports field not imported from:
‘doParallel’ ‘foreach’ ‘spgwr’
All declared Imports should be used.
Flavors: r-devel-linux-x86_64-fedora-clang, r-devel-linux-x86_64-fedora-gcc, r-oldrel-macos-arm64, r-oldrel-macos-x86_64