CRAN Package Check Results for Package GWI

Last updated on 2023-06-02 05:58:00 CEST.

Flavor Version Tinstall Tcheck Ttotal Status Flags
r-devel-linux-x86_64-debian-clang 1.0.2 1.75 21.19 22.94 NOTE
r-devel-linux-x86_64-debian-gcc 1.0.2 1.61 17.14 18.75 NOTE
r-devel-linux-x86_64-fedora-clang 1.0.2 29.95 NOTE
r-devel-linux-x86_64-fedora-gcc 1.0.2 30.58 NOTE
r-devel-windows-x86_64 1.0.2 2.00 38.00 40.00 NOTE
r-patched-linux-x86_64 1.0.2 NOTE
r-release-linux-x86_64 1.0.2 2.01 21.14 23.15 NOTE
r-release-macos-arm64 1.0.2 16.00 NOTE
r-release-macos-x86_64 1.0.2 19.00 NOTE
r-release-windows-x86_64 1.0.2 4.00 43.00 47.00 NOTE
r-oldrel-macos-arm64 1.0.2 15.00 NOTE
r-oldrel-macos-x86_64 1.0.2 18.00 NOTE
r-oldrel-windows-x86_64 1.0.2 7.00 42.00 49.00 NOTE

Check Details

Version: 1.0.2
Check: LazyData
Result: NOTE
     'LazyData' is specified without a 'data' directory
Flavors: r-devel-linux-x86_64-debian-clang, r-devel-linux-x86_64-debian-gcc, r-devel-linux-x86_64-fedora-clang, r-devel-linux-x86_64-fedora-gcc, r-devel-windows-x86_64, r-patched-linux-x86_64, r-release-linux-x86_64, r-release-macos-arm64, r-release-macos-x86_64, r-release-windows-x86_64, r-oldrel-macos-arm64, r-oldrel-macos-x86_64, r-oldrel-windows-x86_64