Last updated on 2023-06-05 05:54:36 CEST.
Flavor | Version | Tinstall | Tcheck | Ttotal | Status | Flags |
---|---|---|---|---|---|---|
r-devel-linux-x86_64-debian-clang | 0.1.0 | 5.61 | 64.97 | 70.58 | NOTE | |
r-devel-linux-x86_64-debian-gcc | 0.1.0 | 3.58 | 48.10 | 51.68 | NOTE | |
r-devel-linux-x86_64-fedora-clang | 0.1.0 | 86.10 | NOTE | |||
r-devel-linux-x86_64-fedora-gcc | 0.1.0 | 79.84 | NOTE | |||
r-devel-windows-x86_64 | 0.1.0 | 5.00 | 66.00 | 71.00 | NOTE | |
r-patched-linux-x86_64 | 0.1.0 | 4.09 | 61.65 | 65.74 | NOTE | |
r-release-linux-x86_64 | 0.1.0 | 3.52 | 61.08 | 64.60 | NOTE | |
r-release-macos-arm64 | 0.1.0 | 27.00 | NOTE | |||
r-release-macos-x86_64 | 0.1.0 | 43.00 | NOTE | |||
r-release-windows-x86_64 | 0.1.0 | 7.00 | 75.00 | 82.00 | NOTE | |
r-oldrel-macos-arm64 | 0.1.0 | 27.00 | NOTE | |||
r-oldrel-macos-x86_64 | 0.1.0 | 37.00 | NOTE | |||
r-oldrel-windows-x86_64 | 0.1.0 | 8.00 | 81.00 | 89.00 | NOTE |
Version: 0.1.0
Check: LazyData
Result: NOTE
'LazyData' is specified without a 'data' directory
Flavors: r-devel-linux-x86_64-debian-clang, r-devel-linux-x86_64-debian-gcc, r-devel-linux-x86_64-fedora-clang, r-devel-linux-x86_64-fedora-gcc, r-devel-windows-x86_64, r-patched-linux-x86_64, r-release-linux-x86_64, r-release-macos-arm64, r-release-macos-x86_64, r-release-windows-x86_64, r-oldrel-macos-arm64, r-oldrel-macos-x86_64, r-oldrel-windows-x86_64