Last updated on 2023-06-08 05:58:10 CEST.
Flavor | Version | Tinstall | Tcheck | Ttotal | Status | Flags |
---|---|---|---|---|---|---|
r-devel-linux-x86_64-debian-clang | 1.0 | 35.83 | 32.81 | 68.64 | OK | |
r-devel-linux-x86_64-debian-gcc | 1.0 | 25.49 | 25.71 | 51.20 | OK | |
r-devel-linux-x86_64-fedora-clang | 1.0 | 95.42 | NOTE | |||
r-devel-linux-x86_64-fedora-gcc | 1.0 | 92.62 | NOTE | |||
r-devel-windows-x86_64 | 1.0 | 26.00 | 66.00 | 92.00 | OK | |
r-patched-linux-x86_64 | 1.0 | 26.37 | 32.28 | 58.65 | OK | |
r-release-linux-x86_64 | 1.0 | 29.45 | 32.10 | 61.55 | OK | |
r-release-macos-arm64 | 1.0 | 29.00 | OK | |||
r-release-macos-x86_64 | 1.0 | 44.00 | OK | |||
r-release-windows-x86_64 | 1.0 | 34.00 | 71.00 | 105.00 | OK | |
r-oldrel-macos-arm64 | 1.0 | 30.00 | OK | |||
r-oldrel-macos-x86_64 | 1.0 | 36.00 | OK | |||
r-oldrel-windows-x86_64 | 1.0 | 34.00 | 71.00 | 105.00 | OK |
Version: 1.0
Check: compiled code
Result: NOTE
File ‘GLMaSPU/libs/GLMaSPU.so’:
Found no calls to: ‘R_registerRoutines’, ‘R_useDynamicSymbols’
It is good practice to register native routines and to disable symbol
search.
See ‘Writing portable packages’ in the ‘Writing R Extensions’ manual.
Flavors: r-devel-linux-x86_64-fedora-clang, r-devel-linux-x86_64-fedora-gcc