CRAN Package Check Results for Package GHS

Last updated on 2023-05-30 05:57:34 CEST.

Flavor Version Tinstall Tcheck Ttotal Status Flags
r-devel-linux-x86_64-debian-clang 0.1 12.16 29.37 41.53 NOTE
r-devel-linux-x86_64-debian-gcc 0.1 7.09 22.87 29.96 NOTE
r-devel-linux-x86_64-fedora-clang 0.1 50.95 NOTE
r-devel-linux-x86_64-fedora-gcc 0.1 51.89 NOTE
r-devel-windows-x86_64 0.1 9.00 44.00 53.00 NOTE
r-patched-linux-x86_64 0.1 8.05 28.48 36.53 NOTE
r-release-linux-x86_64 0.1 8.29 28.73 37.02 NOTE
r-release-macos-arm64 0.1 19.00 NOTE
r-release-macos-x86_64 0.1 28.00 NOTE
r-release-windows-x86_64 0.1 10.00 46.00 56.00 NOTE
r-oldrel-macos-arm64 0.1 19.00 NOTE
r-oldrel-macos-x86_64 0.1 26.00 NOTE
r-oldrel-windows-x86_64 0.1 13.00 49.00 62.00 NOTE

Check Details

Version: 0.1
Check: LazyData
Result: NOTE
     'LazyData' is specified without a 'data' directory
Flavors: r-devel-linux-x86_64-debian-clang, r-devel-linux-x86_64-debian-gcc, r-devel-linux-x86_64-fedora-clang, r-devel-linux-x86_64-fedora-gcc, r-devel-windows-x86_64, r-patched-linux-x86_64, r-release-linux-x86_64, r-release-macos-arm64, r-release-macos-x86_64, r-release-windows-x86_64, r-oldrel-macos-arm64, r-oldrel-macos-x86_64, r-oldrel-windows-x86_64