Last updated on 2023-06-04 05:50:43 CEST.
Flavor | Version | Tinstall | Tcheck | Ttotal | Status | Flags |
---|---|---|---|---|---|---|
r-devel-linux-x86_64-debian-clang | 2.9-0 | 31.87 | 237.55 | 269.42 | OK | |
r-devel-linux-x86_64-debian-gcc | 2.9-0 | 23.87 | 174.46 | 198.33 | OK | |
r-devel-linux-x86_64-fedora-clang | 2.9-0 | 328.83 | NOTE | |||
r-devel-linux-x86_64-fedora-gcc | 2.9-0 | 348.86 | OK | |||
r-devel-windows-x86_64 | 2.9-0 | 24.00 | 228.00 | 252.00 | NOTE | |
r-patched-linux-x86_64 | 2.9-0 | 30.19 | 221.53 | 251.72 | OK | |
r-release-linux-x86_64 | 2.9-0 | 27.27 | 225.35 | 252.62 | OK | |
r-release-macos-arm64 | 2.9-0 | 109.00 | NOTE | |||
r-release-macos-x86_64 | 2.9-0 | 164.00 | NOTE | |||
r-release-windows-x86_64 | 2.9-0 | 36.00 | 266.00 | 302.00 | NOTE | |
r-oldrel-macos-arm64 | 2.9-0 | 84.00 | NOTE | |||
r-oldrel-macos-x86_64 | 2.9-0 | 126.00 | NOTE | |||
r-oldrel-windows-x86_64 | 2.9-0 | 34.00 | 264.00 | 298.00 | NOTE |
Version: 2.9-0
Check: installed package size
Result: NOTE
installed size is 8.0Mb
sub-directories of 1Mb or more:
doc 5.7Mb
Flavors: r-devel-linux-x86_64-fedora-clang, r-devel-windows-x86_64, r-release-macos-arm64, r-release-macos-x86_64, r-release-windows-x86_64, r-oldrel-macos-arm64, r-oldrel-macos-x86_64, r-oldrel-windows-x86_64