CRAN Package Check Results for Package GENLIB

Last updated on 2023-05-28 05:52:08 CEST.

Flavor Version Tinstall Tcheck Ttotal Status Flags
r-devel-linux-x86_64-debian-clang 1.1.9 101.18 131.37 232.55 NOTE
r-devel-linux-x86_64-debian-gcc 1.1.9 80.44 103.89 184.33 NOTE
r-devel-linux-x86_64-fedora-clang 1.1.9 345.88 NOTE
r-devel-linux-x86_64-fedora-gcc 1.1.9 342.55 NOTE
r-devel-windows-x86_64 1.1.9 100.00 162.00 262.00 OK
r-patched-linux-x86_64 1.1.9 90.77 127.78 218.55 NOTE
r-release-linux-x86_64 1.1.9 93.59 129.24 222.83 NOTE
r-release-macos-arm64 1.1.9 99.00 NOTE
r-release-macos-x86_64 1.1.9 157.00 NOTE
r-release-windows-x86_64 1.1.9 130.00 202.00 332.00 OK
r-oldrel-macos-arm64 1.1.9 86.00 OK
r-oldrel-macos-x86_64 1.1.9 126.00 OK
r-oldrel-windows-x86_64 1.1.9 127.00 195.00 322.00 OK

Check Details

Version: 1.1.9
Check: C++ specification
Result: NOTE
     Specified C++11: please drop specification unless essential
Flavors: r-devel-linux-x86_64-debian-clang, r-devel-linux-x86_64-debian-gcc, r-devel-linux-x86_64-fedora-clang, r-devel-linux-x86_64-fedora-gcc, r-patched-linux-x86_64, r-release-linux-x86_64, r-release-macos-arm64, r-release-macos-x86_64