Last updated on 2023-06-05 05:54:35 CEST.
Flavor | Version | Tinstall | Tcheck | Ttotal | Status | Flags |
---|---|---|---|---|---|---|
r-devel-linux-x86_64-debian-clang | 2.9.3 | 270.14 | 126.25 | 396.39 | OK | |
r-devel-linux-x86_64-debian-gcc | 2.9.3 | 205.57 | 93.26 | 298.83 | OK | |
r-devel-linux-x86_64-fedora-clang | 2.9.3 | 562.55 | OK | |||
r-devel-linux-x86_64-fedora-gcc | 2.9.3 | 571.24 | OK | |||
r-devel-windows-x86_64 | 2.9.3 | 191.00 | 141.00 | 332.00 | OK | |
r-patched-linux-x86_64 | 2.9.3 | 210.75 | 117.84 | 328.59 | OK | |
r-release-linux-x86_64 | 2.9.3 | 218.69 | 120.67 | 339.36 | OK | |
r-release-macos-arm64 | 2.9.3 | 134.00 | NOTE | |||
r-release-macos-x86_64 | 2.9.3 | 261.00 | NOTE | |||
r-release-windows-x86_64 | 2.9.3 | 255.00 | 172.00 | 427.00 | OK | |
r-oldrel-macos-arm64 | 2.9.3 | 100.00 | NOTE | |||
r-oldrel-macos-x86_64 | 2.9.3 | 152.00 | NOTE | |||
r-oldrel-windows-x86_64 | 2.9.3 | 245.00 | 149.00 | 394.00 | OK |
Version: 2.9.3
Check: installed package size
Result: NOTE
installed size is 13.6Mb
sub-directories of 1Mb or more:
libs 12.6Mb
Flavors: r-release-macos-arm64, r-release-macos-x86_64, r-oldrel-macos-arm64, r-oldrel-macos-x86_64