CRAN Package Check Results for Package GAparsimony

Last updated on 2023-06-03 05:52:30 CEST.

Flavor Version Tinstall Tcheck Ttotal Status Flags
r-devel-linux-x86_64-debian-clang 0.9.5 4.01 33.69 37.70 OK
r-devel-linux-x86_64-debian-gcc 0.9.5 3.62 26.19 29.81 OK
r-devel-linux-x86_64-fedora-clang 0.9.5 47.89 OK
r-devel-linux-x86_64-fedora-gcc 0.9.5 49.64 OK
r-devel-windows-x86_64 0.9.5 6.00 48.00 54.00 OK
r-patched-linux-x86_64 0.9.5 OK
r-release-linux-x86_64 0.9.5 4.32 32.89 37.21 OK
r-release-macos-arm64 0.9.5 21.00 OK
r-release-macos-x86_64 0.9.5 27.00 NOTE
r-release-windows-x86_64 0.9.5 7.00 52.00 59.00 OK
r-oldrel-macos-arm64 0.9.5 19.00 OK
r-oldrel-macos-x86_64 0.9.5 26.00 OK
r-oldrel-windows-x86_64 0.9.5 8.00 56.00 64.00 OK

Check Details

Version: 0.9.5
Check: package dependencies
Result: NOTE
    Package suggested but not available for checking: ‘caret’
Flavor: r-release-macos-x86_64