Last updated on 2023-05-29 05:55:03 CEST.
Flavor | Version | Tinstall | Tcheck | Ttotal | Status | Flags |
---|---|---|---|---|---|---|
r-devel-linux-x86_64-debian-clang | 1.0.1 | 3.04 | 21.56 | 24.60 | OK | |
r-devel-linux-x86_64-debian-gcc | 1.0.1 | 2.44 | 17.34 | 19.78 | OK | |
r-devel-linux-x86_64-fedora-clang | 1.0.1 | 31.38 | NOTE | |||
r-devel-linux-x86_64-fedora-gcc | 1.0.1 | 31.81 | NOTE | |||
r-devel-windows-x86_64 | 1.0.1 | 4.00 | 39.00 | 43.00 | OK | |
r-patched-linux-x86_64 | 1.0.1 | 3.10 | 20.86 | 23.96 | OK | |
r-release-linux-x86_64 | 1.0.1 | 2.38 | 21.30 | 23.68 | OK | |
r-release-macos-arm64 | 1.0.1 | 17.00 | OK | |||
r-release-macos-x86_64 | 1.0.1 | 23.00 | OK | |||
r-release-windows-x86_64 | 1.0.1 | 5.00 | 39.00 | 44.00 | OK | |
r-oldrel-macos-arm64 | 1.0.1 | 17.00 | OK | |||
r-oldrel-macos-x86_64 | 1.0.1 | 23.00 | OK | |||
r-oldrel-windows-x86_64 | 1.0.1 | 5.00 | 42.00 | 47.00 | OK |
Version: 1.0.1
Check: dependencies in R code
Result: NOTE
Namespaces in Imports field not imported from:
‘R6’ ‘httr’ ‘jsonlite’
All declared Imports should be used.
Flavors: r-devel-linux-x86_64-fedora-clang, r-devel-linux-x86_64-fedora-gcc