Last updated on 2023-06-07 05:58:19 CEST.
Flavor | Version | Tinstall | Tcheck | Ttotal | Status | Flags |
---|---|---|---|---|---|---|
r-devel-linux-x86_64-debian-clang | 0.9.1.5 | 83.45 | 137.00 | 220.45 | NOTE | |
r-devel-linux-x86_64-debian-gcc | 0.9.1.5 | 66.05 | 107.32 | 173.37 | NOTE | |
r-devel-linux-x86_64-fedora-clang | 0.9.1.5 | 308.98 | NOTE | |||
r-devel-linux-x86_64-fedora-gcc | 0.9.1.5 | 311.81 | NOTE | |||
r-devel-windows-x86_64 | 0.9.1.5 | 64.00 | 141.00 | 205.00 | NOTE | |
r-patched-linux-x86_64 | 0.9.1.5 | 72.30 | 135.29 | 207.59 | NOTE | |
r-release-linux-x86_64 | 0.9.1.5 | 74.90 | 133.72 | 208.62 | NOTE | |
r-release-macos-arm64 | 0.9.1.5 | 93.00 | NOTE | |||
r-release-macos-x86_64 | 0.9.1.5 | 170.00 | NOTE | |||
r-release-windows-x86_64 | 0.9.1.5 | 83.00 | 170.00 | 253.00 | NOTE | |
r-oldrel-macos-arm64 | 0.9.1.5 | 87.00 | OK | |||
r-oldrel-macos-x86_64 | 0.9.1.5 | 107.00 | OK | |||
r-oldrel-windows-x86_64 | 0.9.1.5 | 80.00 | 169.00 | 249.00 | OK |
Version: 0.9.1.5
Check: C++ specification
Result: NOTE
Specified C++11: please drop specification unless essential
Flavors: r-devel-linux-x86_64-debian-clang, r-devel-linux-x86_64-debian-gcc, r-devel-linux-x86_64-fedora-clang, r-devel-linux-x86_64-fedora-gcc, r-devel-windows-x86_64, r-patched-linux-x86_64, r-release-linux-x86_64, r-release-macos-arm64, r-release-macos-x86_64, r-release-windows-x86_64