CRAN Package Check Results for Package FastGP

Last updated on 2023-06-10 05:52:32 CEST.

Flavor Version Tinstall Tcheck Ttotal Status Flags
r-devel-linux-x86_64-debian-clang 1.2 55.71 30.04 85.75 OK
r-devel-linux-x86_64-debian-gcc 1.2 37.47 24.60 62.07 OK
r-devel-linux-x86_64-fedora-clang 1.2 115.60 NOTE
r-devel-linux-x86_64-fedora-gcc 1.2 112.35 NOTE
r-devel-windows-x86_64 1.2 38.00 60.00 98.00 OK
r-patched-linux-x86_64 1.2 38.15 31.04 69.19 OK
r-release-linux-x86_64 1.2 43.30 30.32 73.62 OK
r-release-macos-arm64 1.2 35.00 NOTE
r-release-macos-x86_64 1.2 50.00 NOTE
r-release-windows-x86_64 1.2 50.00 71.00 121.00 OK
r-oldrel-macos-arm64 1.2 34.00 NOTE
r-oldrel-macos-x86_64 1.2 42.00 NOTE
r-oldrel-windows-x86_64 1.2 46.00 72.00 118.00 OK

Check Details

Version: 1.2
Check: compiled code
Result: NOTE
    File ‘FastGP/libs/FastGP.so’:
     Found no calls to: ‘R_registerRoutines’, ‘R_useDynamicSymbols’
    
    It is good practice to register native routines and to disable symbol
    search.
    
    See ‘Writing portable packages’ in the ‘Writing R Extensions’ manual.
Flavors: r-devel-linux-x86_64-fedora-clang, r-devel-linux-x86_64-fedora-gcc

Version: 1.2
Check: installed package size
Result: NOTE
     installed size is 7.2Mb
     sub-directories of 1Mb or more:
     libs 6.8Mb
Flavors: r-release-macos-arm64, r-release-macos-x86_64, r-oldrel-macos-arm64, r-oldrel-macos-x86_64