Last updated on 2023-05-30 05:57:34 CEST.
Flavor | Version | Tinstall | Tcheck | Ttotal | Status | Flags |
---|---|---|---|---|---|---|
r-devel-linux-x86_64-debian-clang | 0.1.1 | 108.31 | 27.09 | 135.40 | NOTE | |
r-devel-linux-x86_64-debian-gcc | 0.1.1 | 345.44 | 21.67 | 367.11 | NOTE | |
r-devel-linux-x86_64-fedora-clang | 0.1.1 | 240.25 | NOTE | |||
r-devel-linux-x86_64-fedora-gcc | 0.1.1 | 311.32 | NOTE | |||
r-devel-windows-x86_64 | 0.1.1 | 302.00 | 66.00 | 368.00 | NOTE | |
r-patched-linux-x86_64 | 0.1.1 | 195.51 | 26.93 | 222.44 | NOTE | |
r-release-linux-x86_64 | 0.1.1 | 190.70 | 26.62 | 217.32 | NOTE | |
r-release-macos-arm64 | 0.1.1 | 79.00 | NOTE | |||
r-release-macos-x86_64 | 0.1.1 | 96.00 | NOTE | |||
r-release-windows-x86_64 | 0.1.1 | 417.00 | 70.00 | 487.00 | NOTE | |
r-oldrel-macos-arm64 | 0.1.1 | 74.00 | OK | |||
r-oldrel-macos-x86_64 | 0.1.1 | 68.00 | OK | |||
r-oldrel-windows-x86_64 | 0.1.1 | 145.00 | 71.00 | 216.00 | OK |
Version: 0.1.1
Check: C++ specification
Result: NOTE
Specified C++11: please drop specification unless essential
Flavors: r-devel-linux-x86_64-debian-clang, r-devel-linux-x86_64-debian-gcc, r-devel-linux-x86_64-fedora-clang, r-devel-linux-x86_64-fedora-gcc, r-devel-windows-x86_64, r-patched-linux-x86_64, r-release-linux-x86_64, r-release-macos-arm64, r-release-macos-x86_64, r-release-windows-x86_64