CRAN Package Check Results for Package FGLMtrunc

Last updated on 2023-06-08 05:58:08 CEST.

Flavor Version Tinstall Tcheck Ttotal Status Flags
r-devel-linux-x86_64-debian-clang 0.1.0 48.23 442.34 490.57 NOTE
r-devel-linux-x86_64-debian-gcc 0.1.0 39.79 768.95 808.74 NOTE
r-devel-linux-x86_64-fedora-clang 0.1.0 486.92 NOTE
r-devel-linux-x86_64-fedora-gcc 0.1.0 683.98 NOTE
r-devel-windows-x86_64 0.1.0 41.00 263.00 304.00 NOTE
r-patched-linux-x86_64 0.1.0 43.97 622.86 666.83 NOTE
r-release-linux-x86_64 0.1.0 44.40 626.47 670.87 NOTE
r-release-macos-arm64 0.1.0 168.00 NOTE
r-release-macos-x86_64 0.1.0 240.00 NOTE
r-release-windows-x86_64 0.1.0 49.00 286.00 335.00 NOTE
r-oldrel-macos-arm64 0.1.0 148.00 OK
r-oldrel-macos-x86_64 0.1.0 148.00 OK
r-oldrel-windows-x86_64 0.1.0 48.00 275.00 323.00 OK

Check Details

Version: 0.1.0
Check: C++ specification
Result: NOTE
     Specified C++11: please drop specification unless essential
Flavors: r-devel-linux-x86_64-debian-clang, r-devel-linux-x86_64-debian-gcc, r-devel-linux-x86_64-fedora-clang, r-devel-linux-x86_64-fedora-gcc, r-devel-windows-x86_64, r-patched-linux-x86_64, r-release-linux-x86_64, r-release-macos-arm64, r-release-macos-x86_64, r-release-windows-x86_64