Last updated on 2023-06-07 05:58:19 CEST.
Flavor | Version | Tinstall | Tcheck | Ttotal | Status | Flags |
---|---|---|---|---|---|---|
r-devel-linux-x86_64-debian-clang | 0.0.4 | 15.08 | 114.86 | 129.94 | NOTE | |
r-devel-linux-x86_64-debian-gcc | 0.0.4 | 12.47 | 86.78 | 99.25 | NOTE | |
r-devel-linux-x86_64-fedora-clang | 0.0.4 | 168.91 | NOTE | |||
r-devel-linux-x86_64-fedora-gcc | 0.0.4 | 166.38 | NOTE | |||
r-devel-windows-x86_64 | 0.0.4 | 14.00 | 100.00 | 114.00 | NOTE | |
r-patched-linux-x86_64 | 0.0.4 | 17.86 | 111.06 | 128.92 | NOTE | |
r-release-linux-x86_64 | 0.0.4 | 14.16 | 111.67 | 125.83 | NOTE | |
r-release-macos-arm64 | 0.0.4 | 48.00 | NOTE | |||
r-release-macos-x86_64 | 0.0.4 | 82.00 | NOTE | |||
r-release-windows-x86_64 | 0.0.4 | 16.00 | 120.00 | 136.00 | NOTE | |
r-oldrel-macos-arm64 | 0.0.4 | 64.00 | OK | |||
r-oldrel-macos-x86_64 | 0.0.4 | 84.00 | OK | |||
r-oldrel-windows-x86_64 | 0.0.4 | 16.00 | 126.00 | 142.00 | OK |
Version: 0.0.4
Check: Rd files
Result: NOTE
checkRd: (-1) sp500.Rd:5: Escaped LaTeX specials: \&
Flavors: r-devel-linux-x86_64-debian-clang, r-devel-linux-x86_64-debian-gcc, r-devel-linux-x86_64-fedora-clang, r-devel-linux-x86_64-fedora-gcc, r-devel-windows-x86_64, r-patched-linux-x86_64, r-release-linux-x86_64, r-release-macos-arm64, r-release-macos-x86_64, r-release-windows-x86_64