CRAN Package Check Results for Package ExhaustiveSearch

Last updated on 2023-06-08 05:58:08 CEST.

Flavor Version Tinstall Tcheck Ttotal Status Flags
r-devel-linux-x86_64-debian-clang 1.0.1 60.65 28.97 89.62 NOTE
r-devel-linux-x86_64-debian-gcc 1.0.1 45.97 22.59 68.56 NOTE
r-devel-linux-x86_64-fedora-clang 1.0.1 135.35 NOTE
r-devel-linux-x86_64-fedora-gcc 1.0.1 128.96 NOTE
r-devel-windows-x86_64 1.0.1 48.00 65.00 113.00 NOTE
r-patched-linux-x86_64 1.0.1 43.62 29.06 72.68 NOTE
r-release-linux-x86_64 1.0.1 46.39 28.59 74.98 NOTE
r-release-macos-arm64 1.0.1 34.00 NOTE
r-release-macos-x86_64 1.0.1 56.00 NOTE
r-release-windows-x86_64 1.0.1 58.00 69.00 127.00 NOTE
r-oldrel-macos-arm64 1.0.1 32.00 OK
r-oldrel-macos-x86_64 1.0.1 43.00 OK
r-oldrel-windows-x86_64 1.0.1 59.00 67.00 126.00 OK

Check Details

Version: 1.0.1
Check: C++ specification
Result: NOTE
     Specified C++11: please drop specification unless essential
Flavors: r-devel-linux-x86_64-debian-clang, r-devel-linux-x86_64-debian-gcc, r-devel-linux-x86_64-fedora-clang, r-devel-linux-x86_64-fedora-gcc, r-devel-windows-x86_64, r-patched-linux-x86_64, r-release-linux-x86_64, r-release-macos-arm64, r-release-macos-x86_64, r-release-windows-x86_64