Last updated on 2023-06-09 05:54:57 CEST.
Flavor | Version | Tinstall | Tcheck | Ttotal | Status | Flags |
---|---|---|---|---|---|---|
r-devel-linux-x86_64-debian-clang | 1.0.1 | 92.85 | 47.29 | 140.14 | OK | |
r-devel-linux-x86_64-debian-gcc | 1.0.1 | 67.44 | 37.05 | 104.49 | OK | |
r-devel-linux-x86_64-fedora-clang | 1.0.1 | 209.34 | OK | |||
r-devel-linux-x86_64-fedora-gcc | 1.0.1 | 204.76 | OK | |||
r-devel-windows-x86_64 | 1.0.1 | 69.00 | 81.00 | 150.00 | OK | |
r-patched-linux-x86_64 | 1.0.1 | 70.17 | 47.54 | 117.71 | OK | |
r-release-linux-x86_64 | 1.0.1 | 73.55 | 46.86 | 120.41 | OK | |
r-release-macos-arm64 | 1.0.1 | 5.00 | ERROR | |||
r-release-macos-x86_64 | 1.0.1 | 90.00 | OK | |||
r-release-windows-x86_64 | 1.0.1 | 90.00 | 96.00 | 186.00 | OK | |
r-oldrel-macos-arm64 | 1.0.1 | 41.00 | OK | |||
r-oldrel-macos-x86_64 | 1.0.1 | 60.00 | OK | |||
r-oldrel-windows-x86_64 | 1.0.1 | 83.00 | 80.00 | 163.00 | OK |
Version: 1.0.1
Check: package dependencies
Result: ERROR
Package required but not available: ‘PSCBS’
See section ‘The DESCRIPTION file’ in the ‘Writing R Extensions’
manual.
Flavor: r-release-macos-arm64