CRAN Package Check Results for Package EEMDlstm

Last updated on 2023-05-28 05:52:06 CEST.

Flavor Version Tinstall Tcheck Ttotal Status Flags
r-devel-linux-x86_64-debian-clang 0.1.0 13.36 126.35 139.71 OK
r-devel-linux-x86_64-debian-gcc 0.1.0 9.62 94.67 104.29 OK
r-devel-linux-x86_64-fedora-clang 0.1.0 179.12 NOTE
r-devel-linux-x86_64-fedora-gcc 0.1.0 162.89 NOTE
r-devel-windows-x86_64 0.1.0 14.00 100.00 114.00 OK
r-patched-linux-x86_64 0.1.0 13.30 118.52 131.82 OK
r-release-linux-x86_64 0.1.0 14.09 118.38 132.47 OK
r-release-macos-arm64 0.1.0 53.00 OK
r-release-macos-x86_64 0.1.0 84.00 OK
r-release-windows-x86_64 0.1.0 18.00 125.00 143.00 OK
r-oldrel-macos-arm64 0.1.0 48.00 NOTE
r-oldrel-macos-x86_64 0.1.0 67.00 NOTE
r-oldrel-windows-x86_64 0.1.0 19.00 127.00 146.00 OK

Additional issues

donttest

Check Details

Version: 0.1.0
Check: dependencies in R code
Result: NOTE
    Namespaces in Imports field not imported from:
     ‘reticulate’ ‘tensorflow’
     All declared Imports should be used.
Flavors: r-devel-linux-x86_64-fedora-clang, r-devel-linux-x86_64-fedora-gcc, r-oldrel-macos-arm64, r-oldrel-macos-x86_64