Last updated on 2023-05-28 05:52:06 CEST.
Flavor | Version | Tinstall | Tcheck | Ttotal | Status | Flags |
---|---|---|---|---|---|---|
r-devel-linux-x86_64-debian-clang | 0.2.2 | 87.86 | 56.79 | 144.65 | NOTE | |
r-devel-linux-x86_64-debian-gcc | 0.2.2 | 68.67 | 43.78 | 112.45 | NOTE | |
r-devel-linux-x86_64-fedora-clang | 0.2.2 | 231.00 | NOTE | |||
r-devel-linux-x86_64-fedora-gcc | 0.2.2 | 226.01 | NOTE | |||
r-devel-windows-x86_64 | 0.2.2 | 70.00 | 109.00 | 179.00 | NOTE | |
r-patched-linux-x86_64 | 0.2.2 | 68.31 | 56.06 | 124.37 | NOTE | |
r-release-linux-x86_64 | 0.2.2 | 67.96 | 55.54 | 123.50 | NOTE | |
r-release-macos-arm64 | 0.2.2 | 65.00 | NOTE | |||
r-release-macos-x86_64 | 0.2.2 | 102.00 | NOTE | |||
r-release-windows-x86_64 | 0.2.2 | 93.00 | 118.00 | 211.00 | NOTE | |
r-oldrel-macos-arm64 | 0.2.2 | 58.00 | NOTE | |||
r-oldrel-macos-x86_64 | 0.2.2 | 69.00 | NOTE | |||
r-oldrel-windows-x86_64 | 0.2.2 | 91.00 | 115.00 | 206.00 | NOTE |
Version: 0.2.2
Check: C++ specification
Result: NOTE
Specified C++11: please drop specification unless essential
Flavors: r-devel-linux-x86_64-debian-clang, r-devel-linux-x86_64-debian-gcc, r-devel-linux-x86_64-fedora-clang, r-devel-linux-x86_64-fedora-gcc, r-devel-windows-x86_64, r-patched-linux-x86_64, r-release-linux-x86_64, r-release-macos-arm64, r-release-macos-x86_64, r-release-windows-x86_64
Version: 0.2.2
Check: LazyData
Result: NOTE
'LazyData' is specified without a 'data' directory
Flavors: r-devel-linux-x86_64-debian-clang, r-devel-linux-x86_64-debian-gcc, r-devel-linux-x86_64-fedora-clang, r-devel-linux-x86_64-fedora-gcc, r-devel-windows-x86_64, r-patched-linux-x86_64, r-release-linux-x86_64, r-release-macos-arm64, r-release-macos-x86_64, r-release-windows-x86_64, r-oldrel-macos-arm64, r-oldrel-macos-x86_64, r-oldrel-windows-x86_64