Last updated on 2023-06-09 05:54:57 CEST.
Flavor | Version | Tinstall | Tcheck | Ttotal | Status | Flags |
---|---|---|---|---|---|---|
r-devel-linux-x86_64-debian-clang | 0.1.0 | 15.14 | 118.94 | 134.08 | OK | |
r-devel-linux-x86_64-debian-gcc | 0.1.0 | 11.75 | 91.29 | 103.04 | OK | |
r-devel-linux-x86_64-fedora-clang | 0.1.0 | 165.18 | NOTE | |||
r-devel-linux-x86_64-fedora-gcc | 0.1.0 | 170.45 | NOTE | |||
r-devel-windows-x86_64 | 0.1.0 | 18.00 | 107.00 | 125.00 | OK | |
r-patched-linux-x86_64 | 0.1.0 | 14.64 | 113.02 | 127.66 | OK | |
r-release-linux-x86_64 | 0.1.0 | 14.49 | 111.79 | 126.28 | OK | |
r-release-macos-arm64 | 0.1.0 | 59.00 | OK | |||
r-release-macos-x86_64 | 0.1.0 | 97.00 | OK | |||
r-release-windows-x86_64 | 0.1.0 | 19.00 | 122.00 | 141.00 | OK | |
r-oldrel-macos-arm64 | 0.1.0 | 54.00 | NOTE | |||
r-oldrel-macos-x86_64 | 0.1.0 | 71.00 | NOTE | |||
r-oldrel-windows-x86_64 | 0.1.0 | 19.00 | 127.00 | 146.00 | OK |
Version: 0.1.0
Check: dependencies in R code
Result: NOTE
Namespace in Imports field not imported from: ‘base’
All declared Imports should be used.
Flavors: r-devel-linux-x86_64-fedora-clang, r-devel-linux-x86_64-fedora-gcc, r-oldrel-macos-arm64, r-oldrel-macos-x86_64