Last updated on 2023-06-04 05:50:40 CEST.
Flavor | Version | Tinstall | Tcheck | Ttotal | Status | Flags |
---|---|---|---|---|---|---|
r-devel-linux-x86_64-debian-clang | 0.5.3 | 13.54 | 395.38 | 408.92 | OK | |
r-devel-linux-x86_64-debian-gcc | 0.5.3 | 12.30 | 290.51 | 302.81 | OK | |
r-devel-linux-x86_64-fedora-clang | 0.5.3 | 486.83 | OK | |||
r-devel-linux-x86_64-fedora-gcc | 0.5.3 | 558.13 | OK | |||
r-devel-windows-x86_64 | 0.5.3 | 13.00 | 290.00 | 303.00 | OK | |
r-patched-linux-x86_64 | 0.5.3 | 17.47 | 372.18 | 389.65 | OK | |
r-release-linux-x86_64 | 0.5.3 | 12.83 | 369.31 | 382.14 | OK | |
r-release-macos-arm64 | 0.5.3 | 158.00 | OK | |||
r-release-macos-x86_64 | 0.5.3 | 269.00 | NOTE | |||
r-release-windows-x86_64 | 0.5.3 | 17.00 | 374.00 | 391.00 | OK | |
r-oldrel-macos-arm64 | 0.5.3 | 134.00 | OK | |||
r-oldrel-macos-x86_64 | 0.5.3 | 173.00 | OK | |||
r-oldrel-windows-x86_64 | 0.5.3 | 17.00 | 384.00 | 401.00 | OK |
Version: 0.5.3
Check: package dependencies
Result: NOTE
Package suggested but not available for checking: ‘AER’
Flavor: r-release-macos-x86_64