Last updated on 2023-05-28 05:52:05 CEST.
Flavor | Version | Tinstall | Tcheck | Ttotal | Status | Flags |
---|---|---|---|---|---|---|
r-devel-linux-x86_64-debian-clang | 0.0.5 | 34.05 | 28.51 | 62.56 | OK | |
r-devel-linux-x86_64-debian-gcc | 0.0.5 | 28.33 | 24.01 | 52.34 | OK | |
r-devel-linux-x86_64-fedora-clang | 0.0.5 | 85.76 | OK | |||
r-devel-linux-x86_64-fedora-gcc | 0.0.5 | 91.45 | OK | |||
r-devel-windows-x86_64 | 0.0.5 | 28.00 | 65.00 | 93.00 | OK | |
r-patched-linux-x86_64 | 0.0.5 | 32.76 | 30.16 | 62.92 | OK | |
r-release-linux-x86_64 | 0.0.5 | 29.48 | 29.28 | 58.76 | OK | |
r-release-macos-arm64 | 0.0.5 | 36.00 | NOTE | |||
r-release-macos-x86_64 | 0.0.5 | 46.00 | NOTE | |||
r-release-windows-x86_64 | 0.0.5 | 36.00 | 72.00 | 108.00 | OK | |
r-oldrel-macos-arm64 | 0.0.5 | 33.00 | NOTE | |||
r-oldrel-macos-x86_64 | 0.0.5 | 37.00 | NOTE | |||
r-oldrel-windows-x86_64 | 0.0.5 | 32.00 | 69.00 | 101.00 | OK |
Version: 0.0.5
Check: installed package size
Result: NOTE
installed size is 12.1Mb
sub-directories of 1Mb or more:
libs 12.0Mb
Flavors: r-release-macos-arm64, r-release-macos-x86_64, r-oldrel-macos-arm64, r-oldrel-macos-x86_64