Last updated on 2023-06-05 05:54:32 CEST.
Flavor | Version | Tinstall | Tcheck | Ttotal | Status | Flags |
---|---|---|---|---|---|---|
r-devel-linux-x86_64-debian-clang | 1.3 | 9.52 | 80.16 | 89.68 | NOTE | |
r-devel-linux-x86_64-debian-gcc | 1.3 | 6.95 | 60.62 | 67.57 | NOTE | |
r-devel-linux-x86_64-fedora-clang | 1.3 | 112.16 | NOTE | |||
r-devel-linux-x86_64-fedora-gcc | 1.3 | 112.26 | NOTE | |||
r-devel-windows-x86_64 | 1.3 | 8.00 | 67.00 | 75.00 | NOTE | |
r-patched-linux-x86_64 | 1.3 | 9.75 | 78.52 | 88.27 | NOTE | |
r-release-linux-x86_64 | 1.3 | 9.46 | 78.41 | 87.87 | NOTE | |
r-release-macos-arm64 | 1.3 | 36.00 | NOTE | |||
r-release-macos-x86_64 | 1.3 | 44.00 | NOTE | |||
r-release-windows-x86_64 | 1.3 | 10.00 | 74.00 | 84.00 | NOTE | |
r-oldrel-macos-arm64 | 1.3 | 34.00 | NOTE | |||
r-oldrel-macos-x86_64 | 1.3 | 60.00 | NOTE | |||
r-oldrel-windows-x86_64 | 1.3 | 9.00 | 83.00 | 92.00 | NOTE |
Version: 1.3
Check: LazyData
Result: NOTE
'LazyData' is specified without a 'data' directory
Flavors: r-devel-linux-x86_64-debian-clang, r-devel-linux-x86_64-debian-gcc, r-devel-linux-x86_64-fedora-clang, r-devel-linux-x86_64-fedora-gcc, r-devel-windows-x86_64, r-patched-linux-x86_64, r-release-linux-x86_64, r-release-macos-arm64, r-release-macos-x86_64, r-release-windows-x86_64, r-oldrel-macos-arm64, r-oldrel-macos-x86_64, r-oldrel-windows-x86_64