Last updated on 2023-06-05 05:54:33 CEST.
Flavor | Version | Tinstall | Tcheck | Ttotal | Status | Flags |
---|---|---|---|---|---|---|
r-devel-linux-x86_64-debian-clang | 1.0.2 | 23.34 | 40.35 | 63.69 | NOTE | |
r-devel-linux-x86_64-debian-gcc | 1.0.2 | 15.26 | 31.36 | 46.62 | NOTE | |
r-devel-linux-x86_64-fedora-clang | 1.0.2 | 84.52 | NOTE | |||
r-devel-linux-x86_64-fedora-gcc | 1.0.2 | 80.12 | NOTE | |||
r-devel-windows-x86_64 | 1.0.2 | 19.00 | 65.00 | 84.00 | NOTE | |
r-patched-linux-x86_64 | 1.0.2 | 18.03 | 39.18 | 57.21 | NOTE | |
r-release-linux-x86_64 | 1.0.2 | 18.78 | 39.11 | 57.89 | NOTE | |
r-release-macos-arm64 | 1.0.2 | 29.00 | NOTE | |||
r-release-macos-x86_64 | 1.0.2 | 41.00 | NOTE | |||
r-release-windows-x86_64 | 1.0.2 | 24.00 | 76.00 | 100.00 | NOTE | |
r-oldrel-macos-arm64 | 1.0.2 | 26.00 | NOTE | |||
r-oldrel-macos-x86_64 | 1.0.2 | 38.00 | NOTE | |||
r-oldrel-windows-x86_64 | 1.0.2 | 23.00 | 79.00 | 102.00 | NOTE |
Version: 1.0.2
Check: LazyData
Result: NOTE
'LazyData' is specified without a 'data' directory
Flavors: r-devel-linux-x86_64-debian-clang, r-devel-linux-x86_64-debian-gcc, r-devel-linux-x86_64-fedora-clang, r-devel-linux-x86_64-fedora-gcc, r-devel-windows-x86_64, r-patched-linux-x86_64, r-release-linux-x86_64, r-release-macos-arm64, r-release-macos-x86_64, r-release-windows-x86_64, r-oldrel-macos-arm64, r-oldrel-macos-x86_64, r-oldrel-windows-x86_64