Last updated on 2023-06-08 05:58:07 CEST.
Flavor | Version | Tinstall | Tcheck | Ttotal | Status | Flags |
---|---|---|---|---|---|---|
r-devel-linux-x86_64-debian-clang | 0.3-1 | 4.34 | 177.09 | 181.43 | OK | |
r-devel-linux-x86_64-debian-gcc | 0.3-1 | 3.77 | 135.65 | 139.42 | OK | |
r-devel-linux-x86_64-fedora-clang | 0.3-1 | 221.71 | NOTE | |||
r-devel-linux-x86_64-fedora-gcc | 0.3-1 | 212.07 | NOTE | |||
r-devel-windows-x86_64 | 0.3-1 | 6.00 | 126.00 | 132.00 | OK | |
r-patched-linux-x86_64 | 0.3-1 | 6.57 | 171.09 | 177.66 | OK | |
r-release-linux-x86_64 | 0.3-1 | 5.18 | 171.56 | 176.74 | OK | |
r-release-macos-arm64 | 0.3-1 | 56.00 | OK | |||
r-release-macos-x86_64 | 0.3-1 | 110.00 | OK | |||
r-release-windows-x86_64 | 0.3-1 | 7.00 | 170.00 | 177.00 | OK | |
r-oldrel-macos-arm64 | 0.3-1 | 55.00 | OK | |||
r-oldrel-macos-x86_64 | 0.3-1 | 77.00 | NOTE | |||
r-oldrel-windows-x86_64 | 0.3-1 | 7.00 | 176.00 | 183.00 | OK |
Version: 0.3-1
Check: dependencies in R code
Result: NOTE
Namespace in Imports field not imported from: ‘graphics’
All declared Imports should be used.
Flavors: r-devel-linux-x86_64-fedora-clang, r-devel-linux-x86_64-fedora-gcc, r-oldrel-macos-x86_64