CRAN Package Check Results for Package DOVE

Last updated on 2023-06-10 05:52:31 CEST.

Flavor Version Tinstall Tcheck Ttotal Status Flags
r-devel-linux-x86_64-debian-clang 1.9 99.24 275.51 374.75 NOTE
r-devel-linux-x86_64-debian-gcc 1.9 78.78 193.85 272.63 NOTE
r-devel-linux-x86_64-fedora-clang 1.9 498.59 NOTE
r-devel-linux-x86_64-fedora-gcc 1.9 508.64 NOTE
r-devel-windows-x86_64 1.9 73.00 219.00 292.00 NOTE
r-patched-linux-x86_64 1.9 77.39 269.39 346.78 NOTE
r-release-linux-x86_64 1.9 75.75 268.70 344.45 NOTE
r-release-macos-arm64 1.9 137.00 NOTE
r-release-macos-x86_64 1.9 225.00 NOTE
r-release-windows-x86_64 1.9 93.00 279.00 372.00 NOTE
r-oldrel-macos-arm64 1.9 127.00 NOTE
r-oldrel-macos-x86_64 1.9 145.00 NOTE
r-oldrel-windows-x86_64 1.9 90.00 267.00 357.00 OK

Check Details

Version: 1.9
Check: C++ specification
Result: NOTE
     Specified C++11: please drop specification unless essential
Flavors: r-devel-linux-x86_64-debian-clang, r-devel-linux-x86_64-debian-gcc, r-devel-linux-x86_64-fedora-clang, r-devel-linux-x86_64-fedora-gcc, r-devel-windows-x86_64, r-patched-linux-x86_64, r-release-linux-x86_64, r-release-macos-arm64, r-release-macos-x86_64, r-release-windows-x86_64

Version: 1.9
Check: installed package size
Result: NOTE
     installed size is 5.2Mb
     sub-directories of 1Mb or more:
     libs 4.6Mb
Flavors: r-release-macos-arm64, r-release-macos-x86_64, r-oldrel-macos-arm64, r-oldrel-macos-x86_64