Last updated on 2023-06-04 05:50:40 CEST.
Flavor | Version | Tinstall | Tcheck | Ttotal | Status | Flags |
---|---|---|---|---|---|---|
r-devel-linux-x86_64-debian-clang | 1.7.4 | 43.40 | 130.30 | 173.70 | NOTE | |
r-devel-linux-x86_64-debian-gcc | 1.7.4 | 35.23 | 97.61 | 132.84 | NOTE | |
r-devel-linux-x86_64-fedora-clang | 1.7.4 | 224.85 | NOTE | |||
r-devel-linux-x86_64-fedora-gcc | 1.7.4 | 214.58 | NOTE | |||
r-devel-windows-x86_64 | 1.7.4 | 38.00 | 130.00 | 168.00 | NOTE | |
r-patched-linux-x86_64 | 1.7.4 | 38.12 | 122.28 | 160.40 | NOTE | |
r-release-linux-x86_64 | 1.7.4 | 39.17 | 119.58 | 158.75 | NOTE | |
r-release-macos-arm64 | 1.7.4 | 57.00 | NOTE | |||
r-release-macos-x86_64 | 1.7.4 | 106.00 | NOTE | |||
r-release-windows-x86_64 | 1.7.4 | 46.00 | 167.00 | 213.00 | NOTE | |
r-oldrel-macos-arm64 | 1.7.4 | 58.00 | OK | |||
r-oldrel-macos-x86_64 | 1.7.4 | 107.00 | OK | |||
r-oldrel-windows-x86_64 | 1.7.4 | 45.00 | 160.00 | 205.00 | OK |
Version: 1.7.4
Check: C++ specification
Result: NOTE
Specified C++11: please drop specification unless essential
Flavors: r-devel-linux-x86_64-debian-clang, r-devel-linux-x86_64-debian-gcc, r-devel-linux-x86_64-fedora-clang, r-devel-linux-x86_64-fedora-gcc, r-devel-windows-x86_64, r-patched-linux-x86_64, r-release-linux-x86_64, r-release-macos-arm64, r-release-macos-x86_64, r-release-windows-x86_64