Last updated on 2023-05-28 05:52:06 CEST.
Flavor | Version | Tinstall | Tcheck | Ttotal | Status | Flags |
---|---|---|---|---|---|---|
r-devel-linux-x86_64-debian-clang | 1.0.6 | 6.37 | 157.25 | 163.62 | OK | |
r-devel-linux-x86_64-debian-gcc | 1.0.6 | 4.77 | 118.78 | 123.55 | OK | |
r-devel-linux-x86_64-fedora-clang | 1.0.6 | 215.74 | OK | |||
r-devel-linux-x86_64-fedora-gcc | 1.0.6 | 210.56 | OK | |||
r-devel-windows-x86_64 | 1.0.6 | 8.00 | 158.00 | 166.00 | OK | |
r-patched-linux-x86_64 | 1.0.6 | 6.76 | 150.10 | 156.86 | OK | |
r-release-linux-x86_64 | 1.0.6 | 5.02 | 152.18 | 157.20 | OK | |
r-release-macos-arm64 | 1.0.6 | 34.00 | NOTE | |||
r-release-macos-x86_64 | 1.0.6 | 57.00 | NOTE | |||
r-release-windows-x86_64 | 1.0.6 | 8.00 | 170.00 | 178.00 | OK | |
r-oldrel-macos-arm64 | 1.0.6 | 74.00 | OK | |||
r-oldrel-macos-x86_64 | 1.0.6 | 86.00 | OK | |||
r-oldrel-windows-x86_64 | 1.0.6 | 8.00 | 171.00 | 179.00 | OK |
Version: 1.0.6
Check: package dependencies
Result: NOTE
Packages suggested but not available for checking:
'IHW', 'RNASeqPower', 'zFPKM'
Flavors: r-release-macos-arm64, r-release-macos-x86_64