Last updated on 2023-06-08 05:58:06 CEST.
Flavor | Version | Tinstall | Tcheck | Ttotal | Status | Flags |
---|---|---|---|---|---|---|
r-devel-linux-x86_64-debian-clang | 2.2-8 | 4.46 | 31.51 | 35.97 | OK | |
r-devel-linux-x86_64-debian-gcc | 2.2-8 | 3.09 | 24.65 | 27.74 | OK | |
r-devel-linux-x86_64-fedora-clang | 2.2-8 | 45.09 | OK | |||
r-devel-linux-x86_64-fedora-gcc | 2.2-8 | 43.80 | OK | |||
r-devel-windows-x86_64 | 2.2-8 | 6.00 | 4.00 | 10.00 | ERROR | |
r-patched-linux-x86_64 | 2.2-8 | 3.99 | 30.18 | 34.17 | OK | |
r-release-linux-x86_64 | 2.2-8 | 3.72 | 30.37 | 34.09 | OK | |
r-release-macos-arm64 | 2.2-8 | 20.00 | OK | |||
r-release-macos-x86_64 | 2.2-8 | 29.00 | OK | |||
r-release-windows-x86_64 | 2.2-8 | 8.00 | 52.00 | 60.00 | OK | |
r-oldrel-macos-arm64 | 2.2-8 | 21.00 | OK | |||
r-oldrel-macos-x86_64 | 2.2-8 | 31.00 | OK | |||
r-oldrel-windows-x86_64 | 2.2-8 | 1.00 | 8.00 | 9.00 | ERROR |
Version: 2.2-8
Check: whether package can be installed
Result: ERROR
Installation failed.
Flavors: r-devel-windows-x86_64, r-oldrel-windows-x86_64