Last updated on 2023-06-10 05:52:30 CEST.
Flavor | Version | Tinstall | Tcheck | Ttotal | Status | Flags |
---|---|---|---|---|---|---|
r-devel-linux-x86_64-debian-clang | 3.3.1 | 232.82 | 136.72 | 369.54 | OK | |
r-devel-linux-x86_64-debian-gcc | 3.3.1 | 191.78 | 103.94 | 295.72 | OK | |
r-devel-linux-x86_64-fedora-clang | 3.3.1 | 543.09 | NOTE | |||
r-devel-linux-x86_64-fedora-gcc | 3.3.1 | 550.22 | OK | |||
r-devel-windows-x86_64 | 3.3.1 | 197.00 | 153.00 | 350.00 | OK | |
r-patched-linux-x86_64 | 3.3.1 | 196.34 | 130.27 | 326.61 | OK | |
r-release-linux-x86_64 | 3.3.1 | 189.01 | 128.89 | 317.90 | OK | |
r-release-macos-arm64 | 3.3.1 | 132.00 | NOTE | |||
r-release-macos-x86_64 | 3.3.1 | 160.00 | NOTE | |||
r-release-windows-x86_64 | 3.3.1 | 254.00 | 193.00 | 447.00 | OK | |
r-oldrel-macos-arm64 | 3.3.1 | 128.00 | NOTE | |||
r-oldrel-macos-x86_64 | 3.3.1 | 167.00 | NOTE | |||
r-oldrel-windows-x86_64 | 3.3.1 | 219.00 | 180.00 | 399.00 | OK |
Version: 3.3.1
Check: installed package size
Result: NOTE
installed size is 6.8Mb
sub-directories of 1Mb or more:
libs 6.0Mb
Flavors: r-devel-linux-x86_64-fedora-clang, r-release-macos-arm64, r-release-macos-x86_64, r-oldrel-macos-arm64, r-oldrel-macos-x86_64