CRAN Package Check Results for Package CryptRndTest

Last updated on 2023-06-04 05:50:39 CEST.

Flavor Version Tinstall Tcheck Ttotal Status Flags
r-devel-linux-x86_64-debian-clang 1.2.7 12.22 107.09 119.31 OK
r-devel-linux-x86_64-debian-gcc 1.2.7 8.48 78.92 87.40 OK
r-devel-linux-x86_64-fedora-clang 1.2.7 151.82 NOTE
r-devel-linux-x86_64-fedora-gcc 1.2.7 151.65 OK
r-devel-windows-x86_64 1.2.7 12.00 125.00 137.00 OK
r-patched-linux-x86_64 1.2.7 13.06 99.52 112.58 OK
r-release-linux-x86_64 1.2.7 11.11 97.87 108.98 OK
r-release-macos-arm64 1.2.7 52.00 OK
r-release-macos-x86_64 1.2.7 83.00 OK
r-release-windows-x86_64 1.2.7 14.00 139.00 153.00 OK
r-oldrel-macos-arm64 1.2.7 44.00 OK
r-oldrel-macos-x86_64 1.2.7 70.00 OK
r-oldrel-windows-x86_64 1.2.7 15.00 147.00 162.00 OK

Check Details

Version: 1.2.7
Check: Rd cross-references
Result: NOTE
    Undeclared package ‘copula’ in Rd xrefs
Flavor: r-devel-linux-x86_64-fedora-clang