Last updated on 2023-06-07 05:58:17 CEST.
Flavor | Version | Tinstall | Tcheck | Ttotal | Status | Flags |
---|---|---|---|---|---|---|
r-devel-linux-x86_64-debian-clang | 1.4.8 | 4.66 | 37.05 | 41.71 | OK | |
r-devel-linux-x86_64-debian-gcc | 1.4.8 | 2.91 | 29.12 | 32.03 | OK | |
r-devel-linux-x86_64-fedora-clang | 1.4.8 | 52.65 | NOTE | |||
r-devel-linux-x86_64-fedora-gcc | 1.4.8 | 49.27 | NOTE | |||
r-devel-windows-x86_64 | 1.4.8 | 6.00 | 51.00 | 57.00 | OK | |
r-patched-linux-x86_64 | 1.4.8 | 4.45 | 35.49 | 39.94 | OK | |
r-release-linux-x86_64 | 1.4.8 | 3.59 | 36.50 | 40.09 | OK | |
r-release-macos-arm64 | 1.4.8 | 23.00 | OK | |||
r-release-macos-x86_64 | 1.4.8 | 29.00 | OK | |||
r-release-windows-x86_64 | 1.4.8 | 7.00 | 53.00 | 60.00 | OK | |
r-oldrel-macos-arm64 | 1.4.8 | 20.00 | NOTE | |||
r-oldrel-macos-x86_64 | 1.4.8 | 28.00 | NOTE | |||
r-oldrel-windows-x86_64 | 1.4.8 | 8.00 | 60.00 | 68.00 | OK |
Version: 1.4.8
Check: dependencies in R code
Result: NOTE
Namespaces in Imports field not imported from:
‘DT’ ‘dplyr’ ‘geosphere’ ‘mapdata’ ‘maps’ ‘marmap’ ‘shinydashboard’
‘shinyjs’ ‘stringr’ ‘swfscDAS’
All declared Imports should be used.
Flavors: r-devel-linux-x86_64-fedora-clang, r-devel-linux-x86_64-fedora-gcc, r-oldrel-macos-arm64, r-oldrel-macos-x86_64