Last updated on 2023-05-28 05:52:05 CEST.
Flavor | Version | Tinstall | Tcheck | Ttotal | Status | Flags |
---|---|---|---|---|---|---|
r-devel-linux-x86_64-debian-clang | 1.2.17 | 2.59 | 55.90 | 58.49 | OK | |
r-devel-linux-x86_64-debian-gcc | 1.2.17 | 2.91 | 41.42 | 44.33 | OK | |
r-devel-linux-x86_64-fedora-clang | 1.2.17 | 78.65 | OK | |||
r-devel-linux-x86_64-fedora-gcc | 1.2.17 | 85.79 | OK | |||
r-devel-windows-x86_64 | 1.2.17 | 4.00 | 64.00 | 68.00 | OK | |
r-patched-linux-x86_64 | 1.2.17 | 3.22 | 53.10 | 56.32 | OK | |
r-release-linux-x86_64 | 1.2.17 | 4.04 | 54.45 | 58.49 | OK | |
r-release-macos-arm64 | 1.2.17 | 30.00 | NOTE | |||
r-release-macos-x86_64 | 1.2.17 | 48.00 | NOTE | |||
r-release-windows-x86_64 | 1.2.17 | 6.00 | 71.00 | 77.00 | OK | |
r-oldrel-macos-arm64 | 1.2.17 | 25.00 | OK | |||
r-oldrel-macos-x86_64 | 1.2.17 | 35.00 | OK | |||
r-oldrel-windows-x86_64 | 1.2.17 | 7.00 | 71.00 | 78.00 | OK |
Version: 1.2.17
Check: package dependencies
Result: NOTE
Package suggested but not available for checking: ‘xcms’
Flavors: r-release-macos-arm64, r-release-macos-x86_64