Last updated on 2023-06-10 05:52:29 CEST.
Flavor | Version | Tinstall | Tcheck | Ttotal | Status | Flags |
---|---|---|---|---|---|---|
r-devel-linux-x86_64-debian-clang | 1.6 | 8.97 | 122.31 | 131.28 | NOTE | |
r-devel-linux-x86_64-debian-gcc | 1.6 | 7.00 | 98.34 | 105.34 | NOTE | |
r-devel-linux-x86_64-fedora-clang | 1.6 | 157.80 | NOTE | |||
r-devel-linux-x86_64-fedora-gcc | 1.6 | 176.55 | NOTE | |||
r-devel-windows-x86_64 | 1.6 | 11.00 | 165.00 | 176.00 | NOTE | |
r-patched-linux-x86_64 | 1.6 | 6.83 | 124.23 | 131.06 | NOTE | |
r-release-linux-x86_64 | 1.6 | 5.64 | 125.81 | 131.45 | NOTE | |
r-release-macos-arm64 | 1.6 | 74.00 | NOTE | |||
r-release-macos-x86_64 | 1.6 | 125.00 | NOTE | |||
r-release-windows-x86_64 | 1.6 | 14.00 | 192.00 | 206.00 | NOTE | |
r-oldrel-macos-arm64 | 1.6 | 62.00 | OK | |||
r-oldrel-macos-x86_64 | 1.6 | 134.00 | OK | |||
r-oldrel-windows-x86_64 | 1.6 | 14.00 | 185.00 | 199.00 | OK |
Version: 1.6
Check: Rd files
Result: NOTE
checkRd: (-1) egde.Rd:26: Escaped LaTeX specials: \&
Flavors: r-devel-linux-x86_64-debian-clang, r-devel-linux-x86_64-debian-gcc, r-devel-linux-x86_64-fedora-clang, r-devel-linux-x86_64-fedora-gcc, r-devel-windows-x86_64, r-patched-linux-x86_64, r-release-linux-x86_64, r-release-macos-arm64, r-release-macos-x86_64, r-release-windows-x86_64
Version: 1.6
Check: Rd \usage sections
Result: NOTE
S3 methods shown with full name in documentation object ‘mChoose’:
‘mc.est.raw’
The \usage entries for S3 methods should use the \method markup and not
their full name.
See chapter ‘Writing R documentation files’ in the ‘Writing R
Extensions’ manual.
Flavors: r-devel-linux-x86_64-debian-clang, r-devel-linux-x86_64-debian-gcc, r-devel-linux-x86_64-fedora-clang, r-devel-linux-x86_64-fedora-gcc, r-devel-windows-x86_64, r-patched-linux-x86_64, r-release-linux-x86_64, r-release-macos-arm64, r-release-macos-x86_64, r-release-windows-x86_64