Last updated on 2023-05-28 05:52:04 CEST.
Flavor | Version | Tinstall | Tcheck | Ttotal | Status | Flags |
---|---|---|---|---|---|---|
r-devel-linux-x86_64-debian-clang | 1.3.1 | 79.10 | 215.31 | 294.41 | OK | |
r-devel-linux-x86_64-debian-gcc | 1.3.1 | 67.96 | 152.18 | 220.14 | OK | |
r-devel-linux-x86_64-fedora-clang | 1.3.1 | 402.31 | OK | |||
r-devel-linux-x86_64-fedora-gcc | 1.3.1 | 391.96 | OK | |||
r-devel-windows-x86_64 | 1.3.1 | 61.00 | 191.00 | 252.00 | OK | |
r-patched-linux-x86_64 | 1.3.1 | 69.31 | 195.39 | 264.70 | OK | |
r-release-linux-x86_64 | 1.3.1 | 70.40 | 198.51 | 268.91 | OK | |
r-release-macos-arm64 | 1.3.1 | 106.00 | NOTE | |||
r-release-macos-x86_64 | 1.3.0 | 199.00 | NOTE | |||
r-release-windows-x86_64 | 1.3.1 | 78.00 | 233.00 | 311.00 | OK | |
r-oldrel-macos-arm64 | 1.3.1 | 107.00 | NOTE | |||
r-oldrel-macos-x86_64 | 1.3.1 | 142.00 | NOTE | |||
r-oldrel-windows-x86_64 | 1.3.1 | 73.00 | 246.00 | 319.00 | OK |
Version: 1.3.1
Check: installed package size
Result: NOTE
installed size is 9.7Mb
sub-directories of 1Mb or more:
libs 8.4Mb
Flavors: r-release-macos-arm64, r-oldrel-macos-arm64, r-oldrel-macos-x86_64
Version: 1.3.0
Check: C++ specification
Result: NOTE
Specified C++11: please drop specification unless essential
Flavor: r-release-macos-x86_64
Version: 1.3.0
Check: installed package size
Result: NOTE
installed size is 9.0Mb
sub-directories of 1Mb or more:
libs 7.7Mb
Flavor: r-release-macos-x86_64