Last updated on 2023-06-09 05:54:54 CEST.
Flavor | Version | Tinstall | Tcheck | Ttotal | Status | Flags |
---|---|---|---|---|---|---|
r-devel-linux-x86_64-debian-clang | 1.0.3 | 9.05 | 87.27 | 96.32 | OK | |
r-devel-linux-x86_64-debian-gcc | 1.0.3 | 6.65 | 66.36 | 73.01 | OK | |
r-devel-linux-x86_64-fedora-clang | 1.0.3 | 127.49 | NOTE | |||
r-devel-linux-x86_64-fedora-gcc | 1.0.3 | 118.77 | OK | |||
r-devel-windows-x86_64 | 1.0.3 | 11.00 | 89.00 | 100.00 | OK | |
r-patched-linux-x86_64 | 1.0.3 | 11.62 | 80.72 | 92.34 | OK | |
r-release-linux-x86_64 | 1.0.3 | 9.48 | 81.54 | 91.02 | OK | |
r-release-macos-arm64 | 1.0.3 | 37.00 | OK | |||
r-release-macos-x86_64 | 1.0.2 | 52.00 | OK | |||
r-release-windows-x86_64 | 1.0.3 | 14.00 | 105.00 | 119.00 | OK | |
r-oldrel-macos-arm64 | 1.0.3 | 40.00 | OK | |||
r-oldrel-macos-x86_64 | 1.0.3 | 54.00 | OK | |||
r-oldrel-windows-x86_64 | 1.0.3 | 13.00 | 104.00 | 117.00 | OK |
Version: 1.0.3
Check: Rd cross-references
Result: NOTE
Undeclared package ‘mvoutlier’ in Rd xrefs
Flavor: r-devel-linux-x86_64-fedora-clang