Last updated on 2023-05-30 05:57:31 CEST.
Flavor | Version | Tinstall | Tcheck | Ttotal | Status | Flags |
---|---|---|---|---|---|---|
r-devel-linux-x86_64-debian-clang | 0.1.1 | 52.40 | 35.87 | 88.27 | OK | |
r-devel-linux-x86_64-debian-gcc | 0.1.1 | 37.71 | 28.61 | 66.32 | OK | |
r-devel-linux-x86_64-fedora-clang | 0.1.1 | 116.18 | OK | |||
r-devel-linux-x86_64-fedora-gcc | 0.1.1 | 129.19 | OK | |||
r-devel-windows-x86_64 | 0.1.1 | 37.00 | 75.00 | 112.00 | OK | |
r-patched-linux-x86_64 | 0.1.1 | 43.38 | 34.77 | 78.15 | OK | |
r-release-linux-x86_64 | 0.1.1 | 40.78 | 34.88 | 75.66 | OK | |
r-release-macos-arm64 | 0.1.1 | 37.00 | NOTE | |||
r-release-macos-x86_64 | 0.1.1 | 55.00 | NOTE | |||
r-release-windows-x86_64 | 0.1.1 | 49.00 | 80.00 | 129.00 | OK | |
r-oldrel-macos-arm64 | 0.1.1 | 40.00 | NOTE | |||
r-oldrel-macos-x86_64 | 0.1.1 | 44.00 | NOTE | |||
r-oldrel-windows-x86_64 | 0.1.1 | 46.00 | 77.00 | 123.00 | OK |
Version: 0.1.1
Check: installed package size
Result: NOTE
installed size is 5.3Mb
sub-directories of 1Mb or more:
libs 4.5Mb
Flavors: r-release-macos-arm64, r-release-macos-x86_64, r-oldrel-macos-arm64, r-oldrel-macos-x86_64