CRAN Package Check Results for Package COMIX

Last updated on 2023-06-06 05:55:06 CEST.

Flavor Version Tinstall Tcheck Ttotal Status Flags
r-devel-linux-x86_64-debian-clang 1.0.0 159.21 85.22 244.43 NOTE
r-devel-linux-x86_64-debian-gcc 1.0.0 127.65 62.40 190.05 NOTE
r-devel-linux-x86_64-fedora-clang 1.0.0 341.40 NOTE
r-devel-linux-x86_64-fedora-gcc 1.0.0 362.08 NOTE
r-devel-windows-x86_64 1.0.0 115.00 101.00 216.00 NOTE
r-patched-linux-x86_64 1.0.0 148.14 79.38 227.52 NOTE
r-release-linux-x86_64 1.0.0 139.34 78.63 217.97 NOTE
r-release-macos-arm64 1.0.0 88.00 NOTE
r-release-macos-x86_64 1.0.0 156.00 NOTE
r-release-windows-x86_64 1.0.0 150.00 121.00 271.00 NOTE
r-oldrel-macos-arm64 1.0.0 80.00 NOTE
r-oldrel-macos-x86_64 1.0.0 101.00 NOTE
r-oldrel-windows-x86_64 1.0.0 154.00 116.00 270.00 OK

Check Details

Version: 1.0.0
Check: C++ specification
Result: NOTE
     Specified C++11: please drop specification unless essential
Flavors: r-devel-linux-x86_64-debian-clang, r-devel-linux-x86_64-debian-gcc, r-devel-linux-x86_64-fedora-clang, r-devel-linux-x86_64-fedora-gcc, r-devel-windows-x86_64, r-patched-linux-x86_64, r-release-linux-x86_64, r-release-macos-arm64, r-release-macos-x86_64, r-release-windows-x86_64

Version: 1.0.0
Check: installed package size
Result: NOTE
     installed size is 17.3Mb
     sub-directories of 1Mb or more:
     doc 1.8Mb
     libs 15.2Mb
Flavors: r-release-macos-arm64, r-release-macos-x86_64, r-oldrel-macos-arm64, r-oldrel-macos-x86_64