CRAN Package Check Results for Package COLP

Last updated on 2023-06-05 05:54:31 CEST.

Flavor Version Tinstall Tcheck Ttotal Status Flags
r-devel-linux-x86_64-debian-clang 1.0.0 2.12 21.96 24.08 OK
r-devel-linux-x86_64-debian-gcc 1.0.0 1.71 17.42 19.13 OK
r-devel-linux-x86_64-fedora-clang 1.0.0 30.67 NOTE
r-devel-linux-x86_64-fedora-gcc 1.0.0 29.49 NOTE
r-devel-windows-x86_64 1.0.0 4.00 39.00 43.00 OK
r-patched-linux-x86_64 1.0.0 1.73 21.51 23.24 OK
r-release-linux-x86_64 1.0.0 2.03 21.63 23.66 OK
r-release-macos-arm64 1.0.0 15.00 OK
r-release-macos-x86_64 1.0.0 20.00 OK
r-release-windows-x86_64 1.0.0 4.00 39.00 43.00 OK
r-oldrel-macos-arm64 1.0.0 15.00 OK
r-oldrel-macos-x86_64 1.0.0 22.00 NOTE
r-oldrel-windows-x86_64 1.0.0 3.00 41.00 44.00 OK

Check Details

Version: 1.0.0
Check: data for non-ASCII characters
Result: NOTE
     Note: found 2 marked UTF-8 strings
Flavors: r-devel-linux-x86_64-fedora-clang, r-devel-linux-x86_64-fedora-gcc, r-oldrel-macos-x86_64