CRAN Package Check Results for Package CMShiny

Last updated on 2023-05-29 05:54:59 CEST.

Flavor Version Tinstall Tcheck Ttotal Status Flags
r-devel-linux-x86_64-debian-clang 0.1.0 2.29 19.50 21.79 NOTE
r-devel-linux-x86_64-debian-gcc 0.1.0 1.91 15.70 17.61 NOTE
r-devel-linux-x86_64-fedora-clang 0.1.0 27.88 NOTE
r-devel-linux-x86_64-fedora-gcc 0.1.0 27.81 NOTE
r-devel-windows-x86_64 0.1.0 6.00 38.00 44.00 NOTE
r-patched-linux-x86_64 0.1.0 1.97 19.56 21.53 NOTE
r-release-linux-x86_64 0.1.0 1.44 19.36 20.80 NOTE
r-release-macos-arm64 0.1.0 16.00 NOTE
r-release-macos-x86_64 0.1.0 19.00 NOTE
r-release-windows-x86_64 0.1.0 5.00 37.00 42.00 NOTE
r-oldrel-macos-arm64 0.1.0 15.00 NOTE
r-oldrel-macos-x86_64 0.1.0 23.00 NOTE
r-oldrel-windows-x86_64 0.1.0 5.00 40.00 45.00 NOTE

Check Details

Version: 0.1.0
Check: LazyData
Result: NOTE
     'LazyData' is specified without a 'data' directory
Flavors: r-devel-linux-x86_64-debian-clang, r-devel-linux-x86_64-debian-gcc, r-devel-linux-x86_64-fedora-clang, r-devel-linux-x86_64-fedora-gcc, r-devel-windows-x86_64, r-patched-linux-x86_64, r-release-linux-x86_64, r-release-macos-arm64, r-release-macos-x86_64, r-release-windows-x86_64, r-oldrel-macos-arm64, r-oldrel-macos-x86_64, r-oldrel-windows-x86_64

Version: 0.1.0
Check: dependencies in R code
Result: NOTE
    Namespaces in Imports field not imported from:
     ‘Matrix’ ‘caret’ ‘e1071’ ‘epitools’ ‘shiny’ ‘shinyMatrix’
     All declared Imports should be used.
Flavors: r-devel-linux-x86_64-fedora-clang, r-devel-linux-x86_64-fedora-gcc, r-oldrel-macos-arm64, r-oldrel-macos-x86_64