Last updated on 2023-06-06 05:55:06 CEST.
Flavor | Version | Tinstall | Tcheck | Ttotal | Status | Flags |
---|---|---|---|---|---|---|
r-devel-linux-x86_64-debian-clang | 2.0-12 | 15.09 | 126.53 | 141.62 | NOTE | |
r-devel-linux-x86_64-debian-gcc | 2.0-12 | 12.23 | 97.74 | 109.97 | NOTE | |
r-devel-linux-x86_64-fedora-clang | 2.0-12 | 178.84 | NOTE | |||
r-devel-linux-x86_64-fedora-gcc | 2.0-12 | 174.61 | NOTE | |||
r-devel-windows-x86_64 | 2.0-12 | 14.00 | 114.00 | 128.00 | NOTE | |
r-patched-linux-x86_64 | 2.0-12 | 14.04 | 125.60 | 139.64 | NOTE | |
r-release-linux-x86_64 | 2.0-12 | 13.73 | 123.33 | 137.06 | NOTE | |
r-release-macos-arm64 | 2.0-12 | 56.00 | NOTE | |||
r-release-macos-x86_64 | 2.0-12 | 92.00 | NOTE | |||
r-release-windows-x86_64 | 2.0-12 | 19.00 | 137.00 | 156.00 | NOTE | |
r-oldrel-macos-arm64 | 2.0-12 | 50.00 | OK | |||
r-oldrel-macos-x86_64 | 2.0-12 | 85.00 | OK | |||
r-oldrel-windows-x86_64 | 2.0-12 | 19.00 | 140.00 | 159.00 | OK |
Version: 2.0-12
Check: Rd files
Result: NOTE
checkRd: (-1) clme.Rd:84: Escaped LaTeX specials: \&
Flavors: r-devel-linux-x86_64-debian-clang, r-devel-linux-x86_64-debian-gcc, r-devel-linux-x86_64-fedora-clang, r-devel-linux-x86_64-fedora-gcc, r-devel-windows-x86_64, r-patched-linux-x86_64, r-release-linux-x86_64, r-release-macos-arm64, r-release-macos-x86_64, r-release-windows-x86_64