Last updated on 2023-05-29 05:54:59 CEST.
Flavor | Version | Tinstall | Tcheck | Ttotal | Status | Flags |
---|---|---|---|---|---|---|
r-devel-linux-x86_64-debian-clang | 1.0 | 6.71 | 66.86 | 73.57 | NOTE | |
r-devel-linux-x86_64-debian-gcc | 1.0 | 6.73 | 52.47 | 59.20 | NOTE | |
r-devel-linux-x86_64-fedora-clang | 1.0 | 94.04 | NOTE | |||
r-devel-linux-x86_64-fedora-gcc | 1.0 | 96.75 | NOTE | |||
r-devel-windows-x86_64 | 1.0 | 7.00 | 68.00 | 75.00 | NOTE | |
r-patched-linux-x86_64 | 1.0 | 7.09 | 65.36 | 72.45 | NOTE | |
r-release-linux-x86_64 | 1.0 | 7.20 | 64.02 | 71.22 | NOTE | |
r-release-macos-arm64 | 1.0 | 35.00 | NOTE | |||
r-release-macos-x86_64 | 1.0 | 50.00 | NOTE | |||
r-release-windows-x86_64 | 1.0 | 10.00 | 77.00 | 87.00 | NOTE | |
r-oldrel-macos-arm64 | 1.0 | 28.00 | NOTE | |||
r-oldrel-macos-x86_64 | 1.0 | 40.00 | NOTE | |||
r-oldrel-windows-x86_64 | 1.0 | 11.00 | 80.00 | 91.00 | NOTE |
Version: 1.0
Check: package dependencies
Result: NOTE
Package suggested but not available for checking: ‘userfriendlyscience’
Flavors: r-devel-linux-x86_64-debian-clang, r-devel-linux-x86_64-debian-gcc, r-devel-linux-x86_64-fedora-clang, r-devel-linux-x86_64-fedora-gcc, r-devel-windows-x86_64, r-patched-linux-x86_64, r-release-linux-x86_64, r-release-macos-arm64, r-release-macos-x86_64, r-release-windows-x86_64, r-oldrel-macos-arm64, r-oldrel-macos-x86_64, r-oldrel-windows-x86_64