Last updated on 2023-06-07 05:58:16 CEST.
Flavor | Version | Tinstall | Tcheck | Ttotal | Status | Flags |
---|---|---|---|---|---|---|
r-devel-linux-x86_64-debian-clang | 0.1.0 | 8.94 | 114.47 | 123.41 | OK | |
r-devel-linux-x86_64-debian-gcc | 0.1.0 | 6.67 | 85.70 | 92.37 | OK | |
r-devel-linux-x86_64-fedora-clang | 0.1.0 | 153.19 | NOTE | |||
r-devel-linux-x86_64-fedora-gcc | 0.1.0 | 155.92 | OK | |||
r-devel-windows-x86_64 | 0.1.0 | 9.00 | 107.00 | 116.00 | NOTE | |
r-patched-linux-x86_64 | 0.1.0 | 5.42 | 106.29 | 111.71 | OK | |
r-release-linux-x86_64 | 0.1.0 | 5.81 | 107.18 | 112.99 | OK | |
r-release-macos-arm64 | 0.1.0 | 57.00 | NOTE | |||
r-release-macos-x86_64 | 0.1.0 | 57.00 | NOTE | |||
r-release-windows-x86_64 | 0.1.0 | 12.00 | 121.00 | 133.00 | NOTE | |
r-oldrel-macos-arm64 | 0.1.0 | 57.00 | NOTE | |||
r-oldrel-macos-x86_64 | 0.1.0 | 84.00 | NOTE | |||
r-oldrel-windows-x86_64 | 0.1.0 | 12.00 | 125.00 | 137.00 | NOTE |
Version: 0.1.0
Check: installed package size
Result: NOTE
installed size is 8.0Mb
sub-directories of 1Mb or more:
doc 5.7Mb
extdata 2.1Mb
Flavors: r-devel-linux-x86_64-fedora-clang, r-devel-windows-x86_64, r-release-macos-arm64, r-release-macos-x86_64, r-release-windows-x86_64, r-oldrel-macos-arm64, r-oldrel-macos-x86_64, r-oldrel-windows-x86_64
Version: 0.1.0
Check: package dependencies
Result: NOTE
Packages suggested but not available for checking: 'clustree', 'Seurat'
Flavor: r-release-macos-x86_64
Version: 0.1.0
Check: re-building of vignette outputs
Result: NOTE
Note: skipping ‘CIARA.Rmd’ due to unavailable dependencies: 'Seurat'
Flavor: r-release-macos-x86_64