Last updated on 2023-06-10 05:52:28 CEST.
Flavor | Version | Tinstall | Tcheck | Ttotal | Status | Flags |
---|---|---|---|---|---|---|
r-devel-linux-x86_64-debian-clang | 0.1.0 | 47.82 | 83.68 | 131.50 | NOTE | |
r-devel-linux-x86_64-debian-gcc | 0.1.0 | 35.97 | 63.91 | 99.88 | NOTE | |
r-devel-linux-x86_64-fedora-clang | 0.1.0 | 181.26 | NOTE | |||
r-devel-linux-x86_64-fedora-gcc | 0.1.0 | 171.00 | NOTE | |||
r-devel-windows-x86_64 | 0.1.0 | 39.00 | 95.00 | 134.00 | NOTE | |
r-patched-linux-x86_64 | 0.1.0 | 36.90 | 81.27 | 118.17 | NOTE | |
r-release-linux-x86_64 | 0.1.0 | 38.70 | 79.48 | 118.18 | NOTE | |
r-release-macos-arm64 | 0.1.0 | 48.00 | NOTE | |||
r-release-macos-x86_64 | 0.1.0 | 79.00 | NOTE | |||
r-release-windows-x86_64 | 0.1.0 | 49.00 | 114.00 | 163.00 | NOTE | |
r-oldrel-macos-arm64 | 0.1.0 | 43.00 | OK | |||
r-oldrel-macos-x86_64 | 0.1.0 | 63.00 | OK | |||
r-oldrel-windows-x86_64 | 0.1.0 | 49.00 | 111.00 | 160.00 | OK |
Version: 0.1.0
Check: C++ specification
Result: NOTE
Specified C++11: please drop specification unless essential
Flavors: r-devel-linux-x86_64-debian-clang, r-devel-linux-x86_64-debian-gcc, r-devel-linux-x86_64-fedora-clang, r-devel-linux-x86_64-fedora-gcc, r-devel-windows-x86_64, r-patched-linux-x86_64, r-release-linux-x86_64, r-release-macos-arm64, r-release-macos-x86_64, r-release-windows-x86_64