CRAN Package Check Results for Package CB2

Last updated on 2023-06-07 05:58:15 CEST.

Flavor Version Tinstall Tcheck Ttotal Status Flags
r-devel-linux-x86_64-debian-clang 1.3.4 41.67 98.60 140.27 NOTE
r-devel-linux-x86_64-debian-gcc 1.3.4 36.22 74.76 110.98 NOTE
r-devel-linux-x86_64-fedora-clang 1.3.4 187.77 NOTE
r-devel-linux-x86_64-fedora-gcc 1.3.4 194.84 NOTE
r-devel-windows-x86_64 1.3.4 38.00 259.00 297.00 NOTE
r-patched-linux-x86_64 1.3.4 36.83 90.53 127.36 NOTE
r-release-linux-x86_64 1.3.4 36.78 91.36 128.14 NOTE
r-release-macos-arm64 1.3.4 59.00 NOTE
r-release-macos-x86_64 1.3.4 99.00 NOTE
r-release-windows-x86_64 1.3.4 45.00 505.00 550.00 NOTE
r-oldrel-macos-arm64 1.3.4 58.00 NOTE
r-oldrel-macos-x86_64 1.3.4 88.00 NOTE
r-oldrel-windows-x86_64 1.3.4 46.00 412.00 458.00 OK

Check Details

Version: 1.3.4
Check: C++ specification
Result: NOTE
     Specified C++11: please drop specification unless essential
Flavors: r-devel-linux-x86_64-debian-clang, r-devel-linux-x86_64-debian-gcc, r-devel-linux-x86_64-fedora-clang, r-devel-linux-x86_64-fedora-gcc, r-devel-windows-x86_64, r-patched-linux-x86_64, r-release-linux-x86_64, r-release-macos-arm64, r-release-macos-x86_64, r-release-windows-x86_64

Version: 1.3.4
Check: installed package size
Result: NOTE
     installed size is 6.6Mb
     sub-directories of 1Mb or more:
     data 1.6Mb
     extdata 1.1Mb
     libs 3.4Mb
Flavors: r-release-macos-arm64, r-release-macos-x86_64, r-oldrel-macos-arm64, r-oldrel-macos-x86_64