Last updated on 2023-06-04 05:50:37 CEST.
Flavor | Version | Tinstall | Tcheck | Ttotal | Status | Flags |
---|---|---|---|---|---|---|
r-devel-linux-x86_64-debian-clang | 2.4.0 | 119.32 | 329.51 | 448.83 | OK | |
r-devel-linux-x86_64-debian-gcc | 2.4.0 | 101.48 | 237.50 | 338.98 | OK | |
r-devel-linux-x86_64-fedora-clang | 2.4.0 | 1.29 | ERROR | |||
r-devel-linux-x86_64-fedora-gcc | 2.4.0 | 580.24 | OK | |||
r-devel-windows-x86_64 | 2.4.0 | 101.00 | 141.00 | 242.00 | OK | --no-examples --no-tests --no-vignettes |
r-patched-linux-x86_64 | 2.4.0 | 104.16 | 295.78 | 399.94 | OK | |
r-release-linux-x86_64 | 2.4.0 | 102.38 | 290.79 | 393.17 | OK | |
r-release-macos-arm64 | 2.4.0 | 152.00 | NOTE | |||
r-release-macos-x86_64 | 2.4.0 | 256.00 | NOTE | |||
r-release-windows-x86_64 | 2.4.0 | 123.00 | 146.00 | 269.00 | OK | --no-examples --no-tests --no-vignettes |
r-oldrel-macos-arm64 | 2.4.0 | 95.00 | NOTE | |||
r-oldrel-macos-x86_64 | 2.4.0 | 161.00 | NOTE | |||
r-oldrel-windows-x86_64 | 2.4.0 | 122.00 | 133.00 | 255.00 | OK | --no-examples --no-tests --no-vignettes |
Version: 2.4.0
Check: package dependencies
Result: ERROR
Package required but not available: ‘riskRegression’
See section ‘The DESCRIPTION file’ in the ‘Writing R Extensions’
manual.
Flavor: r-devel-linux-x86_64-fedora-clang
Version: 2.4.0
Check: installed package size
Result: NOTE
installed size is 8.9Mb
sub-directories of 1Mb or more:
libs 7.2Mb
Flavors: r-release-macos-arm64, r-release-macos-x86_64, r-oldrel-macos-arm64, r-oldrel-macos-x86_64