CRAN Package Check Results for Package Buddle

Last updated on 2023-06-05 05:54:30 CEST.

Flavor Version Tinstall Tcheck Ttotal Status Flags
r-devel-linux-x86_64-debian-clang 2.0.1 49.53 34.10 83.63 NOTE
r-devel-linux-x86_64-debian-gcc 2.0.1 36.92 26.76 63.68 NOTE
r-devel-linux-x86_64-fedora-clang 2.0.1 111.81 NOTE
r-devel-linux-x86_64-fedora-gcc 2.0.1 120.50 NOTE
r-devel-windows-x86_64 2.0.1 40.00 71.00 111.00 NOTE
r-patched-linux-x86_64 2.0.1 42.34 32.84 75.18 NOTE
r-release-linux-x86_64 2.0.1 37.95 33.51 71.46 NOTE
r-release-macos-arm64 2.0.1 34.00 NOTE
r-release-macos-x86_64 2.0.1 55.00 NOTE
r-release-windows-x86_64 2.0.1 48.00 74.00 122.00 NOTE
r-oldrel-macos-arm64 2.0.1 32.00 NOTE
r-oldrel-macos-x86_64 2.0.1 44.00 NOTE
r-oldrel-windows-x86_64 2.0.1 47.00 75.00 122.00 OK

Check Details

Version: 2.0.1
Check: C++ specification
Result: NOTE
     Specified C++11: please drop specification unless essential
Flavors: r-devel-linux-x86_64-debian-clang, r-devel-linux-x86_64-debian-gcc, r-devel-linux-x86_64-fedora-clang, r-devel-linux-x86_64-fedora-gcc, r-devel-windows-x86_64, r-patched-linux-x86_64, r-release-linux-x86_64, r-release-macos-arm64, r-release-macos-x86_64, r-release-windows-x86_64

Version: 2.0.1
Check: installed package size
Result: NOTE
     installed size is 5.1Mb
     sub-directories of 1Mb or more:
     libs 5.0Mb
Flavors: r-release-macos-arm64, r-oldrel-macos-arm64, r-oldrel-macos-x86_64