CRAN Package Check Results for Package BenfordTests

Last updated on 2023-06-05 05:54:30 CEST.

Flavor Version Tinstall Tcheck Ttotal Status Flags
r-devel-linux-x86_64-debian-clang 1.2.0 4.37 27.83 32.20 OK
r-devel-linux-x86_64-debian-gcc 1.2.0 2.63 21.54 24.17 OK
r-devel-linux-x86_64-fedora-clang 1.2.0 40.54 NOTE
r-devel-linux-x86_64-fedora-gcc 1.2.0 38.69 NOTE
r-devel-windows-x86_64 1.2.0 6.00 47.00 53.00 OK
r-patched-linux-x86_64 1.2.0 3.63 26.55 30.18 OK
r-release-linux-x86_64 1.2.0 2.97 26.63 29.60 OK
r-release-macos-arm64 1.2.0 18.00 OK
r-release-macos-x86_64 1.2.0 25.00 OK
r-release-windows-x86_64 1.2.0 5.00 56.00 61.00 OK
r-oldrel-macos-arm64 1.2.0 19.00 OK
r-oldrel-macos-x86_64 1.2.0 25.00 OK
r-oldrel-windows-x86_64 1.2.0 10.00 54.00 64.00 OK

Check Details

Version: 1.2.0
Check: compiled code
Result: NOTE
    File ‘BenfordTests/libs/BenfordTests.so’:
     Found no calls to: ‘R_registerRoutines’, ‘R_useDynamicSymbols’
    
    It is good practice to register native routines and to disable symbol
    search.
    
    See ‘Writing portable packages’ in the ‘Writing R Extensions’ manual.
Flavors: r-devel-linux-x86_64-fedora-clang, r-devel-linux-x86_64-fedora-gcc