CRAN Package Check Results for Package BayesTree

Last updated on 2023-06-09 05:54:52 CEST.

Flavor Version Tinstall Tcheck Ttotal Status Flags
r-devel-linux-x86_64-debian-clang 0.3-1.4 20.30 30.08 50.38 NOTE
r-devel-linux-x86_64-debian-gcc 0.3-1.4 14.61 24.02 38.63 NOTE
r-devel-linux-x86_64-fedora-clang 0.3-1.4 83.21 NOTE
r-devel-linux-x86_64-fedora-gcc 0.3-1.4 68.30 NOTE
r-devel-windows-x86_64 0.3-1.4 19.00 64.00 83.00 NOTE
r-patched-linux-x86_64 0.3-1.4 16.15 29.64 45.79 NOTE
r-release-linux-x86_64 0.3-1.4 16.30 29.73 46.03 NOTE
r-release-macos-arm64 0.3-1.4 28.00 NOTE
r-release-macos-x86_64 0.3-1.4 38.00 NOTE
r-release-windows-x86_64 0.3-1.4 20.00 72.00 92.00 NOTE
r-oldrel-macos-arm64 0.3-1.4 24.00 OK
r-oldrel-macos-x86_64 0.3-1.4 35.00 OK
r-oldrel-windows-x86_64 0.3-1.4 25.00 66.00 91.00 OK

Check Details

Version: 0.3-1.4
Check: Rd files
Result: NOTE
    checkRd: (-1) bart.Rd:271: Escaped LaTeX specials: \_
Flavors: r-devel-linux-x86_64-debian-clang, r-devel-linux-x86_64-debian-gcc, r-devel-linux-x86_64-fedora-clang, r-devel-linux-x86_64-fedora-gcc, r-devel-windows-x86_64, r-patched-linux-x86_64, r-release-linux-x86_64, r-release-macos-arm64, r-release-macos-x86_64, r-release-windows-x86_64

Version: 0.3-1.4
Check: compiled code
Result: NOTE
    File ‘BayesTree/libs/BayesTree.so’:
     Found no calls to: ‘R_registerRoutines’, ‘R_useDynamicSymbols’
    
    It is good practice to register native routines and to disable symbol
    search.
    
    See ‘Writing portable packages’ in the ‘Writing R Extensions’ manual.
Flavors: r-devel-linux-x86_64-fedora-clang, r-devel-linux-x86_64-fedora-gcc