CRAN Package Check Results for Package BayesLogit

Last updated on 2024-02-26 04:49:21 CET.

Flavor Version Tinstall Tcheck Ttotal Status Flags
r-devel-linux-x86_64-debian-clang 2.1 11.45 26.86 38.31 NOTE
r-devel-linux-x86_64-debian-gcc 2.1 9.71 20.51 30.22 NOTE
r-devel-linux-x86_64-fedora-clang 2.1 52.91 NOTE
r-devel-linux-x86_64-fedora-gcc 2.1 50.39 NOTE
r-devel-windows-x86_64 2.1 13.00 44.00 57.00 NOTE
r-patched-linux-x86_64 2.1 12.18 26.47 38.65 NOTE
r-release-linux-x86_64 2.1 12.07 26.11 38.18 NOTE
r-release-macos-arm64 2.1 21.00 NOTE
r-release-macos-x86_64 2.1 28.00 NOTE
r-release-windows-x86_64 2.1 13.00 46.00 59.00 NOTE
r-oldrel-macos-arm64 2.1 21.00 OK
r-oldrel-windows-x86_64 2.1 18.00 59.00 77.00 OK

Check Details

Version: 2.1
Check: package subdirectories
Result: NOTE Problems with news in ‘NEWS.md’: No news entries found. Flavors: r-devel-linux-x86_64-debian-clang, r-devel-linux-x86_64-debian-gcc, r-devel-linux-x86_64-fedora-clang, r-devel-linux-x86_64-fedora-gcc, r-devel-windows-x86_64, r-patched-linux-x86_64, r-release-linux-x86_64, r-release-macos-arm64, r-release-macos-x86_64, r-release-windows-x86_64